r?
False
Is 3674703779 a composite number?
False
Is 37742014019 a composite number?
False
Is 312777121481 prime?
False
Is 2184126811 composite?
False
Is 21110073419 prime?
True
Is 389509751 composite?
True
Is 30460008941 a composite number?
False
Is 6865825663 composite?
True
Is 4022702851 a composite number?
False
Is 1687213729 a composite number?
False
Is 98282783131 composite?
True
Is 895178689 prime?
True
Is 20645501039 a composite number?
False
Is 262065002 a prime number?
False
Is 2891232997 composite?
False
Is 6566089 a prime number?
True
Is 101844101 a prime number?
True
Is 672932627 composite?
False
Is 3030048697 composite?
True
Is 2812860929 composite?
True
Is 2185097081 a prime number?
False
Is 38911427 composite?
False
Is 1941645119 prime?
False
Is 14681021 a composite number?
False
Is 47358842719 composite?
False
Is 23348116019 composite?
True
Is 31406685197 prime?
True
Is 2788327249 a prime number?
True
Is 4527932029 a composite number?
False
Is 3632574107 composite?
False
Is 2215983005 a composite number?
True
Is 63979357159 prime?
False
Is 10696052633 a prime number?
False
Is 66968904061 a prime number?
True
Is 776805727 a composite number?
False
Is 7983103613 a composite number?
False
Is 118253653183 a prime number?
True
Is 278495849965 a prime number?
False
Is 9847095431 composite?
False
Is 1098213401 a composite number?
False
Is 371644781 composite?
True
Is 12443128297 composite?
True
Is 1535791729 prime?
True
Is 15346207007 prime?
False
Is 767418077 prime?
False
Is 366985987 composite?
True
Is 28315799521 prime?
True
Is 689898621 a composite number?
True
Is 7397986621 composite?
True
Is 134782367 a prime number?
False
Is 177096969017 prime?
True
Is 240061847 prime?
False
Is 77515415929 prime?
False
Is 8079128003 a composite number?
False
Is 877509371 composite?
False
Is 691076777 a composite number?
True
Is 11158479887 a prime number?
True
Is 218603610187 composite?
False
Is 10035488431 prime?
True
Is 59134448441 a prime number?
True
Is 17468324617 prime?
True
Is 1526460841 composite?
True
Is 17185523099 a prime number?
False
Is 402265249 prime?
True
Is 265681609 composite?
True
Is 266161543 prime?
False
Is 2515020457 a prime number?
True
Is 92002717 a prime number?
False
Is 7162998991 prime?
False
Is 65182159699 composite?
True
Is 1280569477 prime?
False
Is 7184122709 a prime number?
False
Is 138363891247 composite?
False
Is 7436128289 composite?
False
Is 247123854877 prime?
True
Is 110340461687 prime?
True
Is 5417628257 a composite number?
False
Is 46550965301 composite?
False
Is 12415832249 composite?
False
Is 129340115573 prime?
True
Is 11537008631 a prime number?
True
Is 2264290577 prime?
True
Is 8849387293 composite?
True
Is 212238547 composite?
True
Is 5372327449 prime?
False
Is 12861245783 a composite number?
False
Is 29195895593 prime?
True
Is 3397658503 composite?
False
Is 2194582259 a composite number?
False
Is 640883189 composite?
True
Is 638444999 a prime number?
True
Is 137577438199 a composite number?
True
Is 219976937 composite?
False
Is 23949287 a composite number?
False
Is 376160011 a prime number?
True
Is 4467026989 composite?
False
Is 3740845481 composite?
True
Is 30990787705 a composite number?
True
Is 28604758627 a composite number?
False
Is 5592326 prime?
False
Is 140672027 prime?
True
Is 23694879601 a prime number?
True
Is 8277055357 a composite number?
True
Is 208488844547 composite?
False
Is 26654921507 a composite number?
False
Is 1882156123 a composite number?
False
Is 14280240883 a prime number?
True
Is 144385583 a composite number?
False
Is 3361982399 prime?
True
Is 1302079127 composite?
True
Is 149959583 composite?
False
Is 3185434027 composite?
True
Is 281972816699 a composite number?
True
Is 149700121 prime?
False
Is 209920631065 a prime number?
False
Is 5685568939 a prime number?
False
Is 460214407 a composite number?
False
Is 17565922919 a prime number?
False
Is 2364394469 a composite number?
False
Is 20646732503 a prime number?
True
Is 33599573551 composite?
True
Is 24288167458 a prime number?
False
Is 37837075799 a prime number?
True
Is 154938551 composite?
True
Is 372973638931 a prime number?
True
Is 59409074203 prime?
False
Is 9266008447 a composite number?
False
Is 17019151139 a composite number?
True
Is 684378631 composite?
False
Is 786894279 a composite number?
True
Is 10248559051 prime?
True
Is 39696916837 prime?
False
Is 42759161 prime?
False
Is 347575943929 composite?
False
Is 19889849237 a prime number?
True
Is 285538599193 a composite number?
False
Is 276227270347 prime?
False
Is 91436429 a composite number?
True
Is 4772281483 a prime number?
False
Is 14187684079 composite?
False
Is 60787918967 prime?
False
Is 14224031309 a prime number?
False
Is 7229380363 a prime number?
True
Is 1268550391 composite?
True
Is 5938213 composite?
False
Is 5052981601 prime?
True
Is 48264942815 prime?
False
Is 751773523 prime?
False
Is 7830695267 composite?
False
Is 112495393 a composite number?
True
Is 1534312121 prime?
False
Is 1287408989 prime?
True
Is 2807903717 prime?
False
Is 31560545671 composite?
False
Is 1068110269 prime?
True
Is 7639193141 a composite number?
False
Is 12217632389 a prime number?
False
Is 112335217 prime?
False
Is 7210193981 prime?
False
Is 804134213 prime?
True
Is 35404099827 prime?
False
Is 1562039173 a composite number?
False
Is 93070637587 a prime number?
True
Is 2725814519 a composite number?
True
Is 631172567 prime?
False
Is 115712263 composite?
False
Is 51875417111 a composite number?
True
Is 12545629153 a composite number?
False
Is 275339309 a prime number?
False
Is 10500190991 a prime number?
True
Is 13346140807 composite?
True
Is 1470884465 a prime number?
False
Is 572056781 prime?
True
Is 1343263379 composite?
True
Is 135479611 a prime number?
False
Is 1786309181 a composite number?
False
Is 50304532991 a composite number?
True
Is 569219741 composite?
True
Is 119698278199 a composite number?
True
Is 24260441 prime?
True
Is 47265304601 prime?
True
Is 1108214579 a prime number?
True
Is 48768137 composite?
True
Is 5598358687 a composite number?
False
Is 856590251 composite?
True
Is 2855279051 composite?
True
Is 729594511 composite?
True
Is 111328578409 prime?
True
Is 17214456799 composite?
False
Is 11454289831 a composite number?
False
Is 5260299229 prime?
True
Is 3738523513 composite?
False
Is 126951641 prime?
True
Is 396645059 composite?
True
Is 15015464437 a prime number?
True
Is 124640737381 composite?
True
Is 37073870107 composite?
True
Is 6432352933 a composite number?
False
Is 193110917 prime?
True
Is 5296845539 a prime number?
True
Is 215967513 a composite number?
True
Is 90029147721 a prime number?
False
Is 4166184661 a composite number?
True
Is 206173969 a composite number?
True
Is 646969619 composite?
True
Is 1185263599 composite?
True
Is 39504028651 composite?
True
Is 8296660797 prime?
False
Is 245806571 prime?
False
Is 4361317729 a composite number?
False
Is 975669857 prime?
False
Is 4217089649 a composite number?
True
Is 833463929 prime?
False
Is 227908717 a composite number?
True
Is 903813709 a composite number?
True
Is 2950470197 a composite number?
True
Is 32262639041 prime?
False
Is 780095353 composite?
False
Is 615777763 prime?
True
Is 3795656539 a prime number?
True
Is 16552878557 a prime number?
True
Is 75152480647 composite?
False
Is 41487138481 a composite number?
True
Is 4069475159 a prime number?
False
Is 2437235809 prime?
False
Is 337360091 prime?
False
Is 39570734809 a prime number?
True
Is 4604454991 composite?
False
Is 2389296881 composite?
False
Is 1513833083 prime?
False
Is 13117695233 prime?
True
Is 1149476441 prime?
True
Is 8751912139 composite?
True
Is 95637521081 a prime number?
True
Is 80517885229 composite?
True
Is 2284792931 prime?
True
Is 199456451 prime?
False
Is 20513449283 composite?
True
Is 15724388341 composite?
True
Is 181109723 prime?
True
Is 16793503439 composite?
True
Is 757033933 a composite number?
True
Is 176899699 prime?
False
Is 30164073967 a prime number?
False
Is 1287316643 prime?
False
Is 1630684831 composite?
True
Is 50923027 a composite number?
False
Is 28170239903 prime?
False
Is 76056827573 prime?
True
Is 1797393713 prime?
True
Is 1058010719 a composite number?
True
Is 9561087179 composite?
True
Is 2